377883158?
8
What is the hundred millions digit of 626805527?
6
What is the thousands digit of 1619405243?
5
What is the hundred thousands digit of 83749075?
7
What is the ten thousands digit of 33610201?
1
What is the hundreds digit of 964800352?
3
What is the ten millions digit of 161785573?
6
What is the hundreds digit of 301238324?
3
What is the hundred millions digit of 4894725032?
8
What is the units digit of 513773862?
2
What is the thousands digit of 901653070?
3
What is the billions digit of 5505097174?
5
What is the ten millions digit of 624760465?
2
What is the ten millions digit of 3360072539?
6
What is the millions digit of 65581480?
5
What is the units digit of 478284519?
9
What is the ten millions digit of 426036815?
2
What is the billions digit of 2262299577?
2
What is the thousands digit of 3569960409?
0
What is the tens digit of 2492498824?
2
What is the tens digit of 160843645?
4
What is the millions digit of 300955321?
0
What is the hundreds digit of 905153030?
0
What is the ten thousands digit of 22537048?
3
What is the ten millions digit of 583471045?
8
What is the hundred thousands digit of 53619957?
6
What is the ten millions digit of 497769122?
9
What is the thousands digit of 38687428?
7
What is the units digit of 17293939?
9
What is the hundreds digit of 969062976?
9
What is the ten thousands digit of 290750738?
5
What is the millions digit of 68897071?
8
What is the millions digit of 95212675?
5
What is the ten millions digit of 63096483?
6
What is the thousands digit of 58355765?
5
What is the hundred thousands digit of 33726814?
7
What is the hundred thousands digit of 5744434866?
4
What is the ten millions digit of 4506674658?
0
What is the billions digit of 3291834040?
3
What is the hundred thousands digit of 79091863?
0
What is the hundred thousands digit of 2811821280?
8
What is the billions digit of 1094205765?
1
What is the thousands digit of 66767264?
7
What is the billions digit of 1005278005?
1
What is the tens digit of 1649901362?
6
What is the hundred thousands digit of 55336367?
3
What is the hundreds digit of 70578907?
9
What is the ten thousands digit of 150947230?
4
What is the hundred thousands digit of 45626313?
6
What is the ten millions digit of 3016596856?
1
What is the tens digit of 36205600?
0
What is the hundreds digit of 48516121?
1
What is the units digit of 952391893?
3
What is the hundred thousands digit of 97294427?
2
What is the units digit of 84635411?
1
What is the hundred millions digit of 920580233?
9
What is the millions digit of 1670976575?
0
What is the ten thousands digit of 56403469?
0
What is the thousands digit of 895726633?
6
What is the hundreds digit of 7912905?
9
What is the hundred thousands digit of 1595690089?
6
What is the millions digit of 279343723?
9
What is the units digit of 737508246?
6
What is the ten thousands digit of 296812754?
1
What is the hundred thousands digit of 84430075?
4
What is the tens digit of 1073398006?
0
What is the ten millions digit of 2029938337?
2
What is the millions digit of 304378481?
4
What is the hundreds digit of 468505109?
1
What is the hundreds digit of 182786980?
9
What is the millions digit of 53743445?
3
What is the hundreds digit of 98124552?
5
What is the ten thousands digit of 799810989?
1
What is the tens digit of 3028695073?
7
What is the hundreds digit of 228939599?
5
What is the hundred millions digit of 2368118958?
3
What is the ten millions digit of 38960190?
3
What is the hundred millions digit of 766514978?
7
What is the tens digit of 42503031?
3
What is the hundreds digit of 667036965?
9
What is the ten thousands digit of 1630165481?
6
What is the units digit of 303517718?
8
What is the thousands digit of 281864?
1
What is the ten thousands digit of 62013291?
1
What is the millions digit of 141849645?
1
What is the hundreds digit of 224682723?
7
What is the ten millions digit of 579602162?
7
What is the tens digit of 49472267?
6
What is the hundreds digit of 233479338?
3
What is the hundreds digit of 26183846?
8
What is the thousands digit of 65935853?
5
What is the ten millions digit of 654855242?
5
What is the ten thousands digit of 58071468?
7
What is the units digit of 122141488?
8
What is the tens digit of 475736734?
3
What is the units digit of 532203353?
3
What is the thousands digit of 111261126?
1
What is the ten thousands digit of 354022514?
2
What is the ten thousands digit of 28431042?
3
What is the thousands digit of 952789721?
9
What is the ten thousands digit of 26220916?
2
What is the millions digit of 1110161270?
0
What is the hundred millions digit of 208930792?
2
What is the millions digit of 16264980?
6
What is the ten millions digit of 28449953?
2
What is the ten thousands digit of 181631654?
3
What is the millions digit of 175051378?
5
What is the thousands digit of 107294547?
4
What is the units digit of 546498734?
4
What is the hundreds digit of 292738586?
5
What is the hundred millions digit of 442255551?
4
What is the tens digit of 1120774809?
0
What is the ten millions digit of 2883979948?
8
What is the units digit of 7001072833?
3
What is the hundreds digit of 3881666?
6
What is the hundred thousands digit of 582701065?
7
What is the ten thousands digit of 49144649?
4
What is the ten millions digit of 22628578?
2
What is the millions digit of 4688801213?
8
What is the millions digit of 4355351016?
5
What is the hundreds digit of 322854389?
3
What is the millions digit of 78437354?
8
What is the units digit of 183205153?
3
What is the units digit of 6083185?
5
What is the tens digit of 18533516?
1
What is the millions digit of 16501067?
6
What is the ten millions digit of 2004492074?
0
What is the hundred thousands digit of 1112691181?
6
What is the ten millions digit of 60546729?
6
What is the hundred thousands digit of 1280607248?
6
What is the millions digit of 830177006?
0
What is the ten thousands digit of 540449898?
4
What is the ten millions digit of 41919748?
4
What is the ten millions digit of 1347625792?
4
What is the tens digit of 745677344?
4
What is the thousands digit of 171372660?
2
What is the billions digit of 1129091314?
1
What is the billions digit of 2148571737?
2
What is the ten thousands digit of 22266252?
6
What is the hundred thousands digit of 47681797?
6
What is the hundred thousands digit of 260351155?
3
What is the hundred thousands digit of 809402433?
4
What is the billions digit of 1578595318?
1
What is the hundreds digit of 43709115?
1
What is the tens digit of 126312948?
4
What is the thousands digit of 266824632?
4
What is the ten thousands digit of 3547386?
4
What is the thousands digit of 73811381?
1
What is the hundred millions digit of 1461100601?
4
What is the tens digit of 3020401087?
8
What is the tens digit of 106482716?
1
What is the ten millions digit of 21448675?
2
What is the tens digit of 1966749924?
2
What is the ten millions digit of 659749403?
5
What is the ten millions digit of 368279446?
6
What is the hundreds digit of 1825469877?
8
What is the thousands digit of 4347093776?
3
What is the hundreds digit of 173205171?
1
What is the thousands digit of 7885438090?
8
What is the tens digit of 7549115321?
2
What is the hundreds digit of 96991973?
9
What is the millions digit of 820948574?
0
What is the ten thousands digit of 1104208117?
0
What is the hundred thousands digit of 100960503?
9
What is the hundreds digit of 44815952?
9
What is the units digit of 1132351505?
5
What is the hundred thousands digit of 2155779?
1
What is the ten thousands digit of 207720116?
2
What is the hundred millions digit of 105418860?
1
What is the millions digit of 81726217?
1
What is the ten thousands digit of 43978377?
7
What is the ten millions digit of 1632701348?
3
What is the hundreds digit of 37826784?
7
What is the units digit of 43311314?
4
What is the ten millions digit of 2459424330?
5
What is the ten thousands digit of 37652599?
5
What is the ten millions digit of 879055830?
7
What is the units digit of 598223847?
7
What is the ten millions digit of 77410622?
7
What is the millions digit of 3199767474?
9
What is the thousands digit of 2810695363?
5
What is the hundreds digit of 287367283?
2
What is the ten thousands digit of 75087000?
8
What is t